e number?
True
Is 10594 a prime number?
False
Is 2023727 composite?
False
Is 694739 prime?
False
Is 222683 prime?
False
Is 5039 prime?
True
Is 130979 composite?
True
Is 240307 composite?
True
Is 53243 composite?
True
Is 6823 a composite number?
False
Is 1543 a composite number?
False
Is 144389 prime?
False
Is 388073 composite?
True
Is 6817 composite?
True
Is 27815 prime?
False
Is 9953 a prime number?
False
Is 359837 composite?
False
Is 12637 a prime number?
True
Is 5854 a composite number?
True
Is 14273 prime?
False
Is 113579 a composite number?
True
Is 438091 a prime number?
True
Is 802623 a composite number?
True
Is 859187 composite?
True
Is 2503 composite?
False
Is 193567 composite?
True
Is 14923 a prime number?
True
Is 179897 a prime number?
True
Is 4112021 a prime number?
True
Is 5599 a composite number?
True
Is 79493 composite?
False
Is 11479 a prime number?
False
Is 104929 prime?
False
Is 638143 a prime number?
False
Is 9598 prime?
False
Is 1501589 prime?
False
Is 307609 composite?
False
Is 17707 a prime number?
True
Is 290761 a prime number?
True
Is 5847721 composite?
True
Is 897433 prime?
True
Is 3422171 a prime number?
True
Is 28463 prime?
True
Is 863263 a prime number?
False
Is 63286 a prime number?
False
Is 50449 a prime number?
False
Is 502237 a prime number?
True
Is 5435 a prime number?
False
Is 22459 a composite number?
True
Is 344083 prime?
True
Is 380533 a composite number?
False
Is 154409 prime?
True
Is 13397 a prime number?
True
Is 563203 a composite number?
True
Is 1319 composite?
False
Is 1661 a composite number?
True
Is 682493 a composite number?
True
Is 251939 composite?
False
Is 197443 a prime number?
False
Is 383851 a composite number?
True
Is 22511 a composite number?
False
Is 24317 a composite number?
False
Is 787 composite?
False
Is 236173 prime?
False
Is 5519 composite?
False
Is 42949 composite?
True
Is 96571 prime?
False
Is 476965 prime?
False
Is 2423 a prime number?
True
Is 300907 a composite number?
True
Is 45007 a prime number?
True
Is 5102 composite?
True
Is 30341 a prime number?
True
Is 737 prime?
False
Is 55103 a prime number?
True
Is 4553 a prime number?
False
Is 213821 a prime number?
True
Is 6229 a prime number?
True
Is 134837 composite?
False
Is 9371 composite?
False
Is 640121 a composite number?
False
Is 18899 a composite number?
False
Is 266674 composite?
True
Is 278233 a composite number?
False
Is 270965 a prime number?
False
Is 126467 composite?
True
Is 82421 a composite number?
False
Is 130461 a composite number?
True
Is 292139 a prime number?
False
Is 93287 composite?
False
Is 172097 composite?
False
Is 21955 a prime number?
False
Is 960521 a composite number?
False
Is 9067 a composite number?
False
Is 145393 a composite number?
True
Is 200063 composite?
False
Is 146917 composite?
False
Is 221621 a composite number?
False
Is 89371 a composite number?
False
Is 93363 prime?
False
Is 13987 prime?
False
Is 57131 prime?
True
Is 291561 a composite number?
True
Is 49727 prime?
True
Is 698641 prime?
True
Is 33961 a composite number?
False
Is 104241 a composite number?
True
Is 572647 a composite number?
True
Is 2587 a prime number?
False
Is 12571 composite?
True
Is 76031 prime?
True
Is 1711 a prime number?
False
Is 21623 a prime number?
False
Is 13649 a prime number?
True
Is 22067 prime?
True
Is 43403 a composite number?
False
Is 295327 a composite number?
True
Is 56081 a composite number?
False
Is 155 composite?
True
Is 760381 prime?
False
Is 141145 a prime number?
False
Is 8567 a composite number?
True
Is 595847 prime?
False
Is 20789 a prime number?
True
Is 1299869 composite?
False
Is 725791 prime?
False
Is 157309 a prime number?
False
Is 720861 prime?
False
Is 33141 a composite number?
True
Is 246469 a composite number?
False
Is 4413 a prime number?
False
Is 33009 prime?
False
Is 211427 composite?
False
Is 2069857 a prime number?
True
Is 1337 prime?
False
Is 647 prime?
True
Is 293617 a composite number?
False
Is 6557 prime?
False
Is 3547 a composite number?
False
Is 32603 prime?
True
Is 457851 composite?
True
Is 789 a composite number?
True
Is 933919 composite?
True
Is 207601 a composite number?
True
Is 1367 a composite number?
False
Is 375703 a prime number?
True
Is 51761 a prime number?
False
Is 173771 a composite number?
True
Is 2417 a composite number?
False
Is 14777 composite?
True
Is 8489 composite?
True
Is 21059 a prime number?
True
Is 839 composite?
False
Is 12361 a composite number?
True
Is 497 a prime number?
False
Is 1169449 a prime number?
True
Is 6161 a prime number?
False
Is 331 composite?
False
Is 5077 composite?
False
Is 20873 a composite number?
False
Is 60841 a composite number?
True
Is 2926519 composite?
False
Is 34583 a composite number?
False
Is 15421 composite?
True
Is 11002 a prime number?
False
Is 194809 composite?
False
Is 208123 composite?
True
Is 746261 a prime number?
False
Is 1279 a prime number?
True
Is 409217 composite?
False
Is 77261 a composite number?
False
Is 21313 a prime number?
True
Is 19223 a prime number?
False
Is 66419 composite?
True
Is 124979 prime?
True
Is 125017 a composite number?
False
Is 3793 a prime number?
True
Is 1373 a prime number?
True
Is 509107 a prime number?
False
Is 35821 prime?
False
Is 255993 a composite number?
True
Is 871 a prime number?
False
Is 16333 prime?
True
Is 36119 composite?
True
Is 7418 a composite number?
True
Is 181061 composite?
False
Is 3299 a prime number?
True
Is 66013 a composite number?
True
Is 277067 prime?
False
Is 685 a composite number?
True
Is 45335 prime?
False
Is 6941 a prime number?
False
Is 26777 a composite number?
False
Is 635413 a prime number?
True
Is 345434 a composite number?
True
Is 34647 prime?
False
Is 9029 a prime number?
True
Is 367643 composite?
True
Is 1937 prime?
False
Is 68699 prime?
True
Is 597317 prime?
False
Is 21959 a composite number?
True
Is 24439 prime?
True
Is 1082 a composite number?
True
Is 886727 composite?
True
Is 4398605 composite?
True
Is 3967 composite?
False
Is 20261 a composite number?
False
Is 1216273 composite?
False
Is 43921 composite?
True
Is 35467 a prime number?
False
Is 76907 prime?
True
Is 1859569 a composite number?
False
Is 1419137 prime?
True
Is 2488949 composite?
False
Is 7631 composite?
True
Is 565937 prime?
True
Is 135635 prime?
False
Is 22469 a prime number?
True
Is 36079 composite?
True
Is 8587 prime?
False
Is 48194 a prime number?
False
Is 1693 a composite number?
False
Is 84857 a prime number?
True
Is 68831 composite?
True
Is 5799 prime?
False
Is 6211 a composite number?
False
Is 22889 composite?
True
Is 7679 a prime number?
False
Is 43487 a prime number?
True
Is 2909 composite?
False
Is 78059 a prime number?
True
Is 135613 composite?
False
Is 41761 a composite number?
False
Is 4193 composite?
True
Is 348977 prime?
False
Is 369415 composite?
True
Is 172643 a composite number?
False
Is 127 a prime number?
True
Is 77929 composite?
False
Is 74999 prime?
False
Is 42059 prime?
False
Is 901 prime?
False
Is 177397 a composite number?
True
Is 62113 composite?
True
Is 266155 prime?
False
Is 284035 a composite number?
True
Is 17801 a composite number?
True
Is 11303 a prime number?
False
Is 571587 a composite number?
True
Is 230017 a composite number?
False
Is 26759 composite?
False
Is 6761 prime?
True
Is 8893 prime?
True
Is 166493 composite?
True
Is 352477 a prime number?
False
Is 162697 a composite number?
True
Is 19063 a composite number?
True
Is 2954489 composite?
False
Is 48299 prime?
True
Is 34019 composite?
False
Is 627955 a composite number?
True
Is 349493 composite?
False
Is 144139 composite?
False
Is 54523 prime?
False
Is 16957 a composite number?
True
Is 11517529 composite?
False
Is 209941 a composite number?
True
Is 139223 a prime number?
False
Is 907 prime?
True
Is 64537 composite?
True
Is 63003 a composite number?
True
Is 4153 prime?
True
Is 139507 a prime number?
False
Is 28169 prime?
False
Is 126773 a prime number?
False
Is 1397 prime?
False
Is 24279 a composite number?
True
Is 32749 prime?
True
Is 21531 a prime number?
False
Is 796333 a prime number?
False
Is 17635 a prime number?
False
Is 778 a composite number?
True
Is 917027 a composite number?
True
Is 12929 prime?
False
Is 85559 a composite number?
True
Is 5639 composite?
False
Is 38249 prime?
False
Is 